 + 8 + -9 + 1) - -23.
27
2868 + -2862 + -2 + (-2 - 1)
1
Calculate 10 - (-20 - 0) - (87 + -4).
-53
Evaluate -28 - -1 - (21 - 53 - -41).
-36
What is (-6 - 0) + 36 + (-8 - -19) + -5?
36
Calculate 28 + 74 - 90 - -75.
87
Calculate -2 - 13 - (1 + -8 + -9 + 5) - -10.
6
90 + -83 - (3 - (-1 + -1) - (-10 - -69))
61
What is the value of 61 + -52 + (-21 - (4 - 9))?
-7
Calculate -11 + (3 + -21 + 12 - -1) + -1 + 0.
-17
Evaluate 51 - 4 - (2 + 12 + -3 + -5 + 0).
41
(14 + (15 - 29) - -1) + -28 + 97
70
What is the value of 40 + (23 - (147 - 60))?
-24
(21 - (-77 + 60 - (-11 + -26))) + -15 + 1
-13
Evaluate 39 + 5 - -11 - 64.
-9
Calculate -2 - 5 - (-38 + 22 + -9).
18
What is the value of (-6 - -4 - -15) + (-6 - 0 - -1)?
8
77 + 5 + (6 - 11) + 11
88
Calculate 0 - (-628 + 621 - (0 + -41 + 2)).
-32
What is -16 - (55 + -169 - -25)?
73
Evaluate -15 - (-1 + 0 + 80 + (-64 - -60)).
-90
Calculate (-52 - -28 - -55) + (55 - 41).
45
Calculate 1 - 1 - (-22 + -23 + 2 + 32).
11
What is 19 - (1042 - 1023 - (-2 + -2 + -126))?
-130
What is 125 + -126 + (-1 - -2) + 1 + 1 + 3?
5
What is the value of -7 - -31 - (-40 + 20 + 31)?
13
Calculate -98 + -25 + 80 + 5.
-38
Calculate 80 + -16 + 15 + (3 - (1 + -2)).
83
Calculate -15 + 0 + (7 - (-5 - 8)).
5
Evaluate (57 + -50 - -43) + -52.
-2
What is 27 + 4 + (18 - 6 - 14) + 9?
38
What is (-12 - -2) + (-10 + 42 - 11)?
11
Calculate (-27 - -25 - 19) + 56 - (-6 + 2).
39
Calculate (1 - -30) + 1096 + -1107.
20
What is the value of -64 + 75 + (0 - (8 + -9)) + 0 + -17?
-5
What is (6 - 5) + -6 + -53 + -2 + -5 + 3?
-62
What is -14 + (41 + -24 - 18)?
-15
What is the value of (-7 + 5 - -18) + (8 + -2 - 11 - -16)?
27
-1 - -1 - (-4 + 75 + 23 + -33)
-61
Evaluate (-116 - -36) + (-91 - -196).
25
Calculate (-34 - (6 - -4 - 18)) + -4 + 2.
-28
What is -111 - ((-1 - (4 + 2)) + -7)?
-97
What is the value of 1 + 93 + 56 + -47 + 20 + -20?
103
Evaluate 2 + 25 - ((-56 + 44 - (-18 - 0)) + -12).
33
(-36 - 0) + 4 + 15
-17
Evaluate 49 + -58 - (28 + -4 + -6).
-27
What is the value of -6 - (-8 + -10 + 7 + -28 + 18 + 16)?
-1
What is -17 + 4 + -14 - (33 + -38)?
-22
What is (5 - -33 - 20) + 13 + 4 - -20?
55
Evaluate (219 - 429 - -202) + 10 + (0 - 0) + 0.
2
168 - (-109 - (-161 + -3))
113
Evaluate 13 - ((1 + 1 - (136 + -116)) + (1 - 0)).
30
What is the value of 37 + -30 + (-4 - -9) + -41 + 7?
-22
-371 + 356 + (-14 - -1 - (67 - 64))
-31
132 + -35 + -92 - (56 - 0 - 1)
-50
Calculate (25 + -32 - (-2 + -7)) + (5 - 41) + 3.
-31
What is (692 - 681) + (9 - (122 + 1))?
-103
144 + (-8 - -17) + -35
118
3 - (-105 + -50 + 105)
53
Calculate -43 + 2 - (-638 + 571) - ((-1 - -2) + -1).
26
What is the value of (-10 + (7 - 1 - 2) - -12) + (1 - 9)?
-2
Evaluate -15 + (-24 - -67) + 33.
61
What is (14 - (0 + 3 + 2)) + (81 - 141)?
-51
What is the value of 0 + -18 - -2 - -3 - (-139 - (93 - 128))?
91
Evaluate -11004 + 11146 - (-1 + 122).
21
What is 3 - (-2 - (4 - 2)) - (-40 + 212 + -14)?
-151
What is the value of 3 + 10 + (3 + -25 + (-18 - -34) - -1)?
8
What is the value of 62 - 16 - (35 - -10)?
1
51 - (88 - 10 - 74)
47
Calculate -44 + 58 + -4 + -32 + -3.
-25
(-23 - -20 - -21 - 18) + 15
15
Calculate 0 - ((-15 - -3) + (18 - (9 + (36 - -2)))).
41
Calculate (3 - (-2 + 12)) + -1146 + 1132.
-21
What is (-11 - 2 - (-76 - -79)) + -3 + 8 + -8?
-19
2 + 4 + -4 + -36 - (5 + -32 - -28)
-35
What is the value of (3 - (11 + -12 - 102) - (14 - 17)) + -16?
93
What is (-3 - (-4 + 2 + -5 + -3)) + 94 + -56?
45
What is (-6 - (0 + (-23 - (2 + -15)))) + 1?
5
-11 + (22 - (-11 + 94)) + 11
-61
(12 - (-3 - -9)) + -12 + (0 - -42)
36
What is the value of -2 - -32 - (-96 - -102) - 16?
8
What is (2 - 109) + 48 + (7 - (15 - -2))?
-69
Evaluate (-91 - (0 + 0 + 3)) + (-2222 - -2211).
-105
Calculate -40 - (-24 + 11 + -92).
65
Evaluate 47 + (-47 - -70) - 57.
13
What is the value of -427 + 468 - 37 - (53 + -1)?
-48
24 + 119 + -118 + 0 + -13
12
What is -12 + -16 + 7 + 90 + -32?
37
Calculate 1 + (73 + -22 - 44).
8
What is the value of 39 + (-1 - -33 - (-1516 - -1676))?
-89
What is the value of (7 - 15 - (12 + -34)) + -10 - (-52 - 9)?
65
Evaluate 57 + -63 - (-6 - (-11 - 10)).
-21
What is the value of -2226 + 2203 - (-95 + 1 + 3)?
68
Evaluate -15 + -124 + 210 + -118.
-47
23 + 25 + -1 + -18 - -70 - (-1 - -4)
96
Evaluate -53 + 0 - (353 - 332).
-74
Calculate -10 + 12 + 45 + 1 - 19.
29
Evaluate 19 + (12 + -18 - 8) + 9.
14
What is (33 - (-40 - -57)) + (2 - (-3 + 11)) + 10?
20
Calculate -16 - (-40 + 16 - 28).
36
Evaluate (6 - (-16 - (2 - 10))) + -24 - 44.
-54
Calculate 11 - -10 - (99 - 94).
16
What is the value of -100 - (1 + 4 + -67 + -91 + 139)?
-86
What is the value of (0 - -19) + (-49 - -225 - 103)?
92
What is the value of -2 - 51 - (-2 - (-1 + 15))?
-37
What is the value of -53 - (20 + -2 + -12 - 3 - 20)?
-36
Evaluate 17 - (50 + -1) - 6 - -12.
-26
What is (1473 - 1461) + (-34 - 1)?
-23
Calculate 6 + 0 - (-31 + -18 - -36).
19
What is (-9 - (-15 - 40)) + (-2 - 2 - (5 - -2))?
35
What is the value of -240 + 194 - (5 - (-1 - -24))?
-28
What is the value of 20 + (43 - (19 + -15)) - 20?
39
(-13 - -25 - -31) + -22 - 25
-4
Calculate (3 - (2 - -2)) + -2 - (1037 - 1045).
5
Calculate -10 - (9 + (-124 - (-3 + 2 + -9))).
95
What is the value of 8 + (24 - 45 - -11) - -23?
21
Calculate -16 + -66 + 10 - -112.
40
What is the value of -31 - (16 - (37 + -27)) - -35?
-2
Evaluate (-88 - -2 - (-17 + -69)) + (-1 - 22).
-23
Evaluate -26 - (-17 - (7 - 12 - -11)).
-3
What is the value of 50 - (26 - -30) - 22 - 68?
-96
Calculate -40 + 44 + (6 + -9 - 52 - 1).
-52
What is 0 - 48 - (-90 - (55 - 130))?
-33
What is -264 - -337 - (0 + 77)?
-4
What is the value of (3 - 11) + 14 - (-9 - (-13 - -45))?
47
25 + 3 + (-326 - -272)
-26
5093 - 5281 - (-116 - 2)
-70
Evaluate (54 - 64) + (-1 + 2 + 2 - -7).
0
What is the value of -59 + (21 - -30) - (-1 + (1 + -4 - 11))?
7
-7993 - -8010 - (0 - 42 - 0)
59
What is -2 + -2 + 10 + (-3 - 25) - (4 - 7)?
-19
What is the value of -2 + 4 - (26 - 17 - (10 + -4 - -91))?
90
What is -51 + (22 - 6) + 34?
-1
(-27 - -25) + (3 + -2 + (0 - 52) - 2)
-55
Evaluate -12 - (5 + 1) - (8 - 21).
-5
Evaluate -40 - -3 - (1 + -2 + (33 - 19)).
-50
What is the value of -4 + -5 + (-14 - ((-32 - 12) + -9))?
30
Evaluate -29 - 4 - (-2 - 1 - (69 + -67)).
-28
Calculate (32 - 70) + -1 - -22.
-17
What is 37 + -23 + -8 + -21 - -34?
19
-249 + 215 + 39 + (-1 - -53)
57
What is the value of ((-6 - 3) + -82 - (1 - 5)) + -2078 + 2065?
-100
What is the value of -15 + (33 - -4) - (-7 + 21)?
8
Calculate 1512 - 1512 - (67 + -3).
-64
What is the value of 18 + -26 + -14 + -5 + 10 - 1?
-18
What is the value of -2 + 1 + 63 + -72 + 72 + -1 + 3?
64
What is 9 + 5 - 29 - -10 - (19 + 2)?
-26
What is the value of (282 - 392) + (16 - -88)?
-6
What is 11 + (-11 - -5) - (32 + (-102 - 9))?
84
-4 - -15 - (-7 + 22) - -4 - (-4 + -2)
6
-39 - (-22 + 2 + (23 - (-19 + 21)))
-40
(13 - 5 - -15 - 6) + 69 - -4
90
(-14 + (-5 - 17) - -43) + 4 + 0
11
Calculate -16 + (-54 - -72 - -22).
24
What is the value of (6 - 4 - (11 - -7 - 5)) + 31 + -27?
-7
Calculate 3 + 18 - (-83 + 274 + -110).
-60
Evaluate -40 - ((-13 - 3 - 12) + 23).
-35
4 + (-9 - (-15 - -5)) + -42 + 13
-24
Calculate (5 - (25 + -2)) + -4189 + 4083.
-124
What is the value of (9 - (-3 - -18)) + 3 + (5 - (16 + -8))?
-6
9 - (-2 + (-29 - (3 + -14 - 3)))
26
Calculate 0 + -524 + 551 + (4 - 0).
31
Calculate 147 - 135 - (2 + 0 + 2 - (65 + 5)).
78
Evaluate 15 - -21 - 0 - (-41 - -9).
68
Calculate 0 - (6 - 4) - (27 + -35 + 11 - -76).
-81
44 + (-12 - -18) + -13 - (3 - 13)
47
What is 26 + -80 + -34 + (9 - -12)?
-67
Calculate -51 - ((-4 - -2) + 0 + 0) - (-6626 + 6626).
-49
What is 321 + -297 + -6 + 84?
102
What is 4 + (4 - 8) + -1 + -69 + -14 + -3?
-87
Calculate -19 + -20 + 30 + (33 - -7).
31
17 - ((8 - -5) + 12) - 30
-38
What is (0 - -49) + 7 + 17 + (-46 - -27)?
54
What is the value of 3 - 9 - (-38 - (2 - (-9 - -6)))?
37
Calculate -64 - (13 + -4 + -9 + 5 + -9 + -4).
-56
Calculate (13 - (2 + (4 - -11 - 18))) + 0.
14
-131 - (-186 + 101 + -65)
19
Calculate -5 + 24 - (-82 - (-82 + -25 + 63)).
57
Calculate (0 + (-14 + -3 - -7) - -17) + -15.
-8
-43 + -29 + 49 + (-69 - -12)
-80
73 + -125 + 66 + -9
5
(-66 - 67) + 69 + 75
11
Calculate (-2 + -3 - (-5 + -2)) + (856 - 942).
-84
What is 27 - (-118 + 216 + 5)?
-76
What is the value of (-2 - -28) + 5 + -11 + (-409 - -416)?
27
-10 + (53 - 